{"id":19574,"date":"2025-06-10T17:34:30","date_gmt":"2025-06-10T20:34:30","guid":{"rendered":"http:\/\/specialcarsvf.com.br:8888\/?post_type=product&#038;p=19574"},"modified":"2025-12-27T14:37:50","modified_gmt":"2025-12-27T17:37:50","slug":"mitsubishi-eclipse-verde","status":"publish","type":"product","link":"https:\/\/specialcarsvf.com.br\/index.php\/produto\/mitsubishi-eclipse-verde\/","title":{"rendered":"Mitsubishi Eclipse"},"content":{"rendered":"<p><strong>O ic\u00f4nico carro de Brian O&#8217;Conner no primeiro filme da franquia, com suas inconfund\u00edveis luzes de neon e visual marcante.<\/strong><\/p>\n<p>&nbsp;<\/p>\n<p>Percurso de 10 km, com piloto acompanhando e direito \u00e0 condu\u00e7\u00e3o.<\/p>\n","protected":false},"excerpt":{"rendered":"<p>O ic\u00f4nico carro de Brian O&#8217;Conner no primeiro filme da franquia, com suas inconfund\u00edveis luzes de neon e visual marcante. &nbsp; Percurso de 10 km, com piloto acompanhando e direito \u00e0 condu\u00e7\u00e3o.<\/p>\n","protected":false},"featured_media":19942,"comment_status":"open","ping_status":"closed","template":"","meta":[],"product_brand":[],"product_cat":[122],"product_tag":[],"class_list":{"0":"post-19574","1":"product","2":"type-product","3":"status-publish","4":"has-post-thumbnail","6":"product_cat-velozes-e-furiosos-1","7":"description-off","9":"first","10":"instock","11":"sold-individually","12":"shipping-taxable","13":"product-type-simple"},"_links":{"self":[{"href":"https:\/\/specialcarsvf.com.br\/index.php\/wp-json\/wp\/v2\/product\/19574","targetHints":{"allow":["GET"]}}],"collection":[{"href":"https:\/\/specialcarsvf.com.br\/index.php\/wp-json\/wp\/v2\/product"}],"about":[{"href":"https:\/\/specialcarsvf.com.br\/index.php\/wp-json\/wp\/v2\/types\/product"}],"replies":[{"embeddable":true,"href":"https:\/\/specialcarsvf.com.br\/index.php\/wp-json\/wp\/v2\/comments?post=19574"}],"wp:featuredmedia":[{"embeddable":true,"href":"https:\/\/specialcarsvf.com.br\/index.php\/wp-json\/wp\/v2\/media\/19942"}],"wp:attachment":[{"href":"https:\/\/specialcarsvf.com.br\/index.php\/wp-json\/wp\/v2\/media?parent=19574"}],"wp:term":[{"taxonomy":"product_brand","embeddable":true,"href":"https:\/\/specialcarsvf.com.br\/index.php\/wp-json\/wp\/v2\/product_brand?post=19574"},{"taxonomy":"product_cat","embeddable":true,"href":"https:\/\/specialcarsvf.com.br\/index.php\/wp-json\/wp\/v2\/product_cat?post=19574"},{"taxonomy":"product_tag","embeddable":true,"href":"https:\/\/specialcarsvf.com.br\/index.php\/wp-json\/wp\/v2\/product_tag?post=19574"}],"curies":[{"name":"wp","href":"https:\/\/api.w.org\/{rel}","templated":true}]}}